{"id":5323,"date":"2025-04-28T10:24:12","date_gmt":"2025-04-28T09:24:12","guid":{"rendered":"https:\/\/www.belgioioso.it\/officinalia\/?page_id=5323"},"modified":"2026-04-20T16:49:56","modified_gmt":"2026-04-20T15:49:56","slug":"bio-for-kids","status":"publish","type":"page","link":"https:\/\/www.belgioioso.it\/officinalia\/bio-for-kids\/","title":{"rendered":"Bio For Kids"},"content":{"rendered":"<div class=\"fusion-fullwidth fullwidth-box fusion-builder-row-1 fusion-flex-container nonhundred-percent-fullwidth non-hundred-percent-height-scrolling\" style=\"--awb-border-radius-top-left:0px;--awb-border-radius-top-right:0px;--awb-border-radius-bottom-right:0px;--awb-border-radius-bottom-left:0px;--awb-flex-wrap:wrap;\" ><div class=\"fusion-builder-row fusion-row fusion-flex-align-items-flex-start fusion-flex-content-wrap\" style=\"max-width:1352px;margin-left: calc(-4% \/ 2 );margin-right: calc(-4% \/ 2 );\"><div class=\"fusion-layout-column fusion_builder_column fusion-builder-column-0 fusion_builder_column_1_1 1_1 fusion-flex-column\" style=\"--awb-bg-blend:overlay;--awb-bg-size:cover;--awb-width-large:100%;--awb-margin-top-large:0px;--awb-spacing-right-large:1.92%;--awb-margin-bottom-large:0px;--awb-spacing-left-large:1.92%;--awb-width-medium:100%;--awb-spacing-right-medium:1.92%;--awb-spacing-left-medium:1.92%;--awb-width-small:100%;--awb-spacing-right-small:1.92%;--awb-spacing-left-small:1.92%;\"><div class=\"fusion-column-wrapper fusion-flex-justify-content-flex-start fusion-content-layout-column\"><div class=\"fusion-image-element \" style=\"--awb-margin-bottom-small:3%;--awb-caption-title-font-family:var(--h2_typography-font-family);--awb-caption-title-font-weight:var(--h2_typography-font-weight);--awb-caption-title-font-style:var(--h2_typography-font-style);--awb-caption-title-size:var(--h2_typography-font-size);--awb-caption-title-transform:var(--h2_typography-text-transform);--awb-caption-title-line-height:var(--h2_typography-line-height);--awb-caption-title-letter-spacing:var(--h2_typography-letter-spacing);\"><span class=\" fusion-imageframe imageframe-none imageframe-1 hover-type-none\"><img decoding=\"async\" width=\"1024\" height=\"682\" title=\"25-officinalia-laboratori-bambini-attivita-educative\" src=\"https:\/\/www.belgioioso.it\/officinalia\/files\/2026\/04\/25-officinalia-laboratori-bambini-attivita-educative.jpg\" alt class=\"img-responsive wp-image-5689\" srcset=\"https:\/\/www.belgioioso.it\/officinalia\/files\/2026\/04\/25-officinalia-laboratori-bambini-attivita-educative-200x133.jpg 200w, https:\/\/www.belgioioso.it\/officinalia\/files\/2026\/04\/25-officinalia-laboratori-bambini-attivita-educative-400x266.jpg 400w, https:\/\/www.belgioioso.it\/officinalia\/files\/2026\/04\/25-officinalia-laboratori-bambini-attivita-educative-600x400.jpg 600w, https:\/\/www.belgioioso.it\/officinalia\/files\/2026\/04\/25-officinalia-laboratori-bambini-attivita-educative-800x533.jpg 800w, https:\/\/www.belgioioso.it\/officinalia\/files\/2026\/04\/25-officinalia-laboratori-bambini-attivita-educative.jpg 1024w\" sizes=\"(max-width: 1024px) 100vw, (max-width: 640px) 100vw, 1024px\" \/><\/span><\/div><div class=\"fusion-title title fusion-title-1 fusion-sep-none fusion-title-text fusion-title-size-two\"><h2 class=\"fusion-title-heading title-heading-left\" style=\"margin:0;line-height:1;\">Laboratori Bio For Kids<\/h2><\/div><div class=\"fusion-text fusion-text-1\" style=\"--awb-margin-top:1%;\"><p>Laboratori dedicati ai bambini, per vivere insieme il piacere di un&#8217;avventura che possa continuare a reinventarsi. Perch\u00e9 saper giocare con quello che capita, sia una ghianda, un ramo, un sasso, un barattolo o dei ritagli di stoffa, comporta quella capacit\u00e0 di inventare, di mettere in moto la fantasia per trasformare e trasfigurare le cose, che \u00e8 alla base dell&#8217;intelligenza creativa.<\/p>\n<p>A Officinalia 2026 i laboratori Bio4Kids portano i bambini dentro un mondo fatto di materiali semplici e naturali, dove niente si butta e tutto pu\u00f2 diventare qualcosa di nuovo. Si costruisce con le mani, si ascolta, si sperimenta. Non c&#8217;\u00e8 un risultato giusto o sbagliato: c&#8217;\u00e8 il piacere di fare, di scoprire cosa succede quando si prova. I laboratori sono condotti da educatori esperti, in piccoli gruppi, per dare a ogni bambino il tempo e lo spazio di seguire la propria curiosit\u00e0.<\/p>\n<p>Grazie alla collaborazione con <strong data-start=\"551\" data-end=\"584\"><a href=\"https:\/\/www.progettoriciclo.it\/\">Progetto Riciclo \u2013 Nuovisuoni<\/a><\/strong>, proponiamo un programma ricco di attivit\u00e0 pratiche per trasformare materiali di recupero in opere d&#8217;arte e strumenti musicali, promuovendo l&#8217;importanza del riuso in modo ludico ed educativo.<\/p>\n<p><strong>Programma<\/strong><\/p>\n<h3><strong>Venerd\u00ec 1 maggio<\/strong><\/h3>\n<p><em>ore 11:00 \/ 12:30<\/em> \u2014 Laboratorio creativo con materiali di riciclo<br \/>\nCarta, cartone, tappi, ritagli di tessuto, scarti di ogni tipo: in questo laboratorio i bambini imparano a guardare gli oggetti con occhi nuovi, scoprendo cosa possono diventare una volta che smettono di essere quello che erano. Si taglia, si incolla, si assembla, si colora. Ogni bambino costruisce qualcosa di proprio, seguendo la propria idea, con la propria mano. Un&#8217;attivit\u00e0 che allena l&#8217;attenzione, stimola la creativit\u00e0 e insegna, nel modo pi\u00f9 concreto possibile, il valore del riuso.<br \/>\n<em>ore 14:30 \/ 17:00<\/em> \u2014 Costruzione di strumenti musicali e oggetti sonori con materiali di riciclo<br \/>\nUn barattolo vuoto pu\u00f2 diventare una percussione. Una bottiglia pu\u00f2 produrre un suono. Un filo teso pu\u00f2 vibrare come una corda. In questo laboratorio i bambini costruiscono i propri strumenti musicali partendo da materiali di recupero, scoprendo che la musica non ha bisogno di niente di speciale per nascere: basta ascoltare, provare, inventare. Alla fine del laboratorio si suona tutti insieme, con quello che si \u00e8 costruito.<\/p>\n<h3><strong>Sabato 2 maggio<\/strong><\/h3>\n<p><em>ore 11:00 \/ 12:30<\/em> \u2014 Laboratorio creativo con materiali di riciclo<br \/>\nCome il giorno precedente, ma ogni gruppo porta con s\u00e9 una storia diversa e un risultato diverso. I laboratori creativi Bio4Kids non si ripetono mai del tutto: cambiano i bambini, cambiano i materiali, cambia quello che viene fuori.<br \/>\n<em>ore 14:30 \/ 17:00<\/em> \u2014 Costruzione di strumenti musicali e oggetti sonori con materiali di riciclo<br \/>\nSeconda sessione del laboratorio sonoro: per chi non ha fatto in tempo il giorno prima, e per chi vuole provare ancora.<\/p>\n<h3><strong>Domenica 3 maggio<\/strong><\/h3>\n<p><em>ore 14:30 \/ 18:30<\/em> \u2014 Costruzione di strumenti musicali e oggetti sonori con materiali di riciclo<br \/>\nLa sessione della domenica \u00e8 la pi\u00f9 lunga e la pi\u00f9 libera: quattro ore per costruire, sperimentare, ascoltare e suonare. Un finale di fiera pensato per le famiglie che vogliono concludere il weekend con le mani in pasta e la testa leggera.<\/p>\n<\/div><\/div><\/div><\/div><\/div>\n","protected":false},"excerpt":{"rendered":"","protected":false},"author":1,"featured_media":0,"parent":0,"menu_order":0,"comment_status":"closed","ping_status":"closed","template":"","meta":{"footnotes":""},"class_list":["post-5323","page","type-page","status-publish","hentry"],"yoast_head":"<!-- This site is optimized with the Yoast SEO plugin v26.8 - https:\/\/yoast.com\/product\/yoast-seo-wordpress\/ -->\n<title>Bio For Kids | Officinalia<\/title>\n<meta name=\"robots\" content=\"index, follow, max-snippet:-1, max-image-preview:large, max-video-preview:-1\" \/>\n<link rel=\"canonical\" href=\"https:\/\/www.belgioioso.it\/officinalia\/bio-for-kids\/\" \/>\n<meta name=\"twitter:card\" content=\"summary_large_image\" \/>\n<meta name=\"twitter:title\" content=\"Bio For Kids | Officinalia\" \/>\n<meta name=\"twitter:label1\" content=\"Tempo di lettura stimato\" \/>\n\t<meta name=\"twitter:data1\" content=\"3 minuti\" \/>\n<script type=\"application\/ld+json\" class=\"yoast-schema-graph\">{\"@context\":\"https:\/\/schema.org\",\"@graph\":[{\"@type\":\"WebPage\",\"@id\":\"https:\/\/www.belgioioso.it\/officinalia\/bio-for-kids\/\",\"url\":\"https:\/\/www.belgioioso.it\/officinalia\/bio-for-kids\/\",\"name\":\"Bio For Kids | Officinalia\",\"isPartOf\":{\"@id\":\"https:\/\/www.belgioioso.it\/officinalia\/#website\"},\"datePublished\":\"2025-04-28T09:24:12+00:00\",\"dateModified\":\"2026-04-20T15:49:56+00:00\",\"breadcrumb\":{\"@id\":\"https:\/\/www.belgioioso.it\/officinalia\/bio-for-kids\/#breadcrumb\"},\"inLanguage\":\"it-IT\",\"potentialAction\":[{\"@type\":\"ReadAction\",\"target\":[\"https:\/\/www.belgioioso.it\/officinalia\/bio-for-kids\/\"]}]},{\"@type\":\"BreadcrumbList\",\"@id\":\"https:\/\/www.belgioioso.it\/officinalia\/bio-for-kids\/#breadcrumb\",\"itemListElement\":[{\"@type\":\"ListItem\",\"position\":1,\"name\":\"Home\",\"item\":\"https:\/\/www.belgioioso.it\/officinalia\/\"},{\"@type\":\"ListItem\",\"position\":2,\"name\":\"Bio For Kids\"}]},{\"@type\":\"WebSite\",\"@id\":\"https:\/\/www.belgioioso.it\/officinalia\/#website\",\"url\":\"https:\/\/www.belgioioso.it\/officinalia\/\",\"name\":\"Officinalia\",\"description\":\"Mostra dell&#039;alimentazione biologica e dell&#039;ecologia domestica\",\"potentialAction\":[{\"@type\":\"SearchAction\",\"target\":{\"@type\":\"EntryPoint\",\"urlTemplate\":\"https:\/\/www.belgioioso.it\/officinalia\/?s={search_term_string}\"},\"query-input\":{\"@type\":\"PropertyValueSpecification\",\"valueRequired\":true,\"valueName\":\"search_term_string\"}}],\"inLanguage\":\"it-IT\"}]}<\/script>\n<!-- \/ Yoast SEO plugin. -->","yoast_head_json":{"title":"Bio For Kids | Officinalia","robots":{"index":"index","follow":"follow","max-snippet":"max-snippet:-1","max-image-preview":"max-image-preview:large","max-video-preview":"max-video-preview:-1"},"canonical":"https:\/\/www.belgioioso.it\/officinalia\/bio-for-kids\/","twitter_card":"summary_large_image","twitter_title":"Bio For Kids | Officinalia","twitter_misc":{"Tempo di lettura stimato":"3 minuti"},"schema":{"@context":"https:\/\/schema.org","@graph":[{"@type":"WebPage","@id":"https:\/\/www.belgioioso.it\/officinalia\/bio-for-kids\/","url":"https:\/\/www.belgioioso.it\/officinalia\/bio-for-kids\/","name":"Bio For Kids | Officinalia","isPartOf":{"@id":"https:\/\/www.belgioioso.it\/officinalia\/#website"},"datePublished":"2025-04-28T09:24:12+00:00","dateModified":"2026-04-20T15:49:56+00:00","breadcrumb":{"@id":"https:\/\/www.belgioioso.it\/officinalia\/bio-for-kids\/#breadcrumb"},"inLanguage":"it-IT","potentialAction":[{"@type":"ReadAction","target":["https:\/\/www.belgioioso.it\/officinalia\/bio-for-kids\/"]}]},{"@type":"BreadcrumbList","@id":"https:\/\/www.belgioioso.it\/officinalia\/bio-for-kids\/#breadcrumb","itemListElement":[{"@type":"ListItem","position":1,"name":"Home","item":"https:\/\/www.belgioioso.it\/officinalia\/"},{"@type":"ListItem","position":2,"name":"Bio For Kids"}]},{"@type":"WebSite","@id":"https:\/\/www.belgioioso.it\/officinalia\/#website","url":"https:\/\/www.belgioioso.it\/officinalia\/","name":"Officinalia","description":"Mostra dell&#039;alimentazione biologica e dell&#039;ecologia domestica","potentialAction":[{"@type":"SearchAction","target":{"@type":"EntryPoint","urlTemplate":"https:\/\/www.belgioioso.it\/officinalia\/?s={search_term_string}"},"query-input":{"@type":"PropertyValueSpecification","valueRequired":true,"valueName":"search_term_string"}}],"inLanguage":"it-IT"}]}},"_links":{"self":[{"href":"https:\/\/www.belgioioso.it\/officinalia\/wp-json\/wp\/v2\/pages\/5323","targetHints":{"allow":["GET"]}}],"collection":[{"href":"https:\/\/www.belgioioso.it\/officinalia\/wp-json\/wp\/v2\/pages"}],"about":[{"href":"https:\/\/www.belgioioso.it\/officinalia\/wp-json\/wp\/v2\/types\/page"}],"author":[{"embeddable":true,"href":"https:\/\/www.belgioioso.it\/officinalia\/wp-json\/wp\/v2\/users\/1"}],"replies":[{"embeddable":true,"href":"https:\/\/www.belgioioso.it\/officinalia\/wp-json\/wp\/v2\/comments?post=5323"}],"version-history":[{"count":11,"href":"https:\/\/www.belgioioso.it\/officinalia\/wp-json\/wp\/v2\/pages\/5323\/revisions"}],"predecessor-version":[{"id":5691,"href":"https:\/\/www.belgioioso.it\/officinalia\/wp-json\/wp\/v2\/pages\/5323\/revisions\/5691"}],"wp:attachment":[{"href":"https:\/\/www.belgioioso.it\/officinalia\/wp-json\/wp\/v2\/media?parent=5323"}],"curies":[{"name":"wp","href":"https:\/\/api.w.org\/{rel}","templated":true}]}}