{"id":470,"date":"2013-03-25T11:39:10","date_gmt":"2013-03-25T10:39:10","guid":{"rendered":"http:\/\/www.belgioioso.it\/armonia\/?page_id=470"},"modified":"2024-12-04T13:13:56","modified_gmt":"2024-12-04T12:13:56","slug":"cosa","status":"publish","type":"page","link":"https:\/\/www.belgioioso.it\/armonia\/cosa\/","title":{"rendered":"Cos&#8217;\u00e8 Armonia?"},"content":{"rendered":"<div class=\"fusion-fullwidth fullwidth-box fusion-builder-row-1 hundred-percent-fullwidth non-hundred-percent-height-scrolling\" style=\"--awb-border-radius-top-left:0px;--awb-border-radius-top-right:0px;--awb-border-radius-bottom-right:0px;--awb-border-radius-bottom-left:0px;--awb-overflow:visible;--awb-flex-wrap:wrap;\" ><div class=\"fusion-builder-row fusion-row\"><div class=\"fusion-layout-column fusion_builder_column fusion-builder-column-0 fusion_builder_column_1_1 1_1 fusion-one-full fusion-column-first fusion-column-last fusion-column-no-min-height\" style=\"--awb-bg-size:cover;--awb-margin-bottom:0px;\"><div class=\"fusion-column-wrapper fusion-flex-column-wrapper-legacy\"><div class=\"fusion-title title fusion-title-1 fusion-sep-none fusion-title-text fusion-title-size-two\" style=\"--awb-sep-color:#ffffff;\"><h2 class=\"fusion-title-heading title-heading-left\" style=\"margin:0;\">Cosa \u00e8 Armonia?<\/h2><\/div><div class=\"fusion-clearfix\"><\/div><\/div><\/div><div class=\"fusion-layout-column fusion_builder_column fusion-builder-column-1 fusion_builder_column_1_1 1_1 fusion-one-full fusion-column-first fusion-column-last fusion-column-no-min-height\" style=\"--awb-bg-size:cover;--awb-margin-bottom:0px;\"><div class=\"fusion-column-wrapper fusion-flex-column-wrapper-legacy\"><div class=\"fusion-video fusion-youtube fusion-aligncenter\" style=\"--awb-max-width:767px;--awb-max-height:447px;--awb-width:100%;\"><div class=\"video-shortcode\"><div class=\"fluid-width-video-wrapper\" style=\"padding-top:58.28%;\" ><iframe title=\"YouTube video player 1\" src=\"https:\/\/www.youtube.com\/embed\/_XTLylI7PZo?wmode=transparent&autoplay=0&oida=1\" width=\"767\" height=\"447\" allowfullscreen allow=\"autoplay; clipboard-write; encrypted-media; gyroscope; picture-in-picture;\"><\/iframe><\/div><\/div><\/div><div class=\"fusion-sep-clear\"><\/div><div class=\"fusion-separator fusion-full-width-sep\" style=\"margin-left: auto;margin-right: auto;margin-top:10px;margin-bottom:10px;width:100%;\"><\/div><div class=\"fusion-sep-clear\"><\/div><div class=\"fusion-text fusion-text-1\"><p>Ritrova la \u201c<em>tua armonia<\/em>\u201d in occasione della tredicesima edizione di \u201cArmonia\u201d il festival dedicato alle <em>proposte per il benessere<\/em> che si svolger\u00e0 dal <strong>13 al 14 Settembre 2025<\/strong>.<\/p>\n<p>Manifestazione nata come occasione di approfondimento sulle Arti per la Salute, \u00e8 diventata negli anni un importante momento d\u2019incontro tra pubblico, operatori e insegnanti delle pi\u00f9 affermate <strong>Discipline Olistiche<\/strong> e un&#8217;occasione per presentare quelle emergenti.<\/p>\n<p>Due giorni intensi nei quali saranno approfondite e presentate le pi\u00f9 varie attivit\u00e0 per sensibilizzare e far conoscere al pubblico ci\u00f2 che \u00e8 possibile fare per migliorare la qualit\u00e0 della propria vita. \u00c8 importante ricordare che le discipline bio naturali non si pongono in alternativa o in conflitto alla medicina ufficiale, ma ne costituiscono una positiva integrazione anche se distinte per impostazione culturale. Le discipline olistiche fanno fluire in chi ne riceve il vigore delle proprie funzioni psicofisiche e considerano la persona nella sua globalit\u00e0 ed unicit\u00e0. Lo scopo, quindi, \u00e8 il miglioramento della qualit\u00e0 della vita mediante la stimolazione e il riequilibrio delle proprie risorse vitali.<\/p>\n<p>L\u2019obiettivo di Armonia \u00e8 insegnare un percorso personale per trovare un equilibrio psicofisico interiore attraverso la conoscenza e l\u2019approfondimento delle <strong>Arti per la Salute<\/strong>, tra cui <em>Shiatsu, Reiki, Orthobionomy, Kinesiologia, Essenze Floreali, Ayurveda, Massaggio Sonoro, Iridologia, Riflessologia del piede, Biotransenergetica, Thai, Aura Soma etc<\/em>.<\/p>\n<p>Nel parco sono previste sessioni di \u201ccorpo del sogno\u201d meditazioni in movimento, esibizioni di danzaterapia, dimostrazioni e stages di tai chi, yoga, sessioni collettive di campane tibetane armoniche e tanto altro ancora.<br \/><span style=\"color: var(--awb-text-color); font-family: var(--awb-text-font-family); font-size: var(--awb-font-size); font-style: var(--awb-text-font-style); font-weight: var(--awb-text-font-weight); letter-spacing: var(--awb-letter-spacing); text-align: var(--awb-content-alignment); text-transform: var(--awb-text-transform); background-color: var(--awb-bg-color-hover);\"><br \/>Il programma piscina si arricchisce ogni edizione e prevede sessioni di watsu, oceanic body work per tutti.<\/span><\/p>\n<\/div><div class=\"fusion-aligncenter\"><a class=\"fusion-button button-flat fusion-button-default-size button-default fusion-button-default button-1 fusion-button-default-span fusion-button-default-type\" target=\"_self\" href=\"https:\/\/www.belgioioso.it\/armonia\/attivita\/\"><span class=\"fusion-button-text awb-button__text awb-button__text--default fusion-button-text-right\">Scopri il programma di attivit\u00e0<\/span><span class=\"fusion-button-icon-divider button-icon-divider-right\"><i class=\" fa fa-arrow-right awb-button__icon awb-button__icon--default\" aria-hidden=\"true\"><\/i><\/span><\/a><\/div><div class=\"fusion-sep-clear\"><\/div><div class=\"fusion-separator fusion-full-width-sep\" style=\"margin-left: auto;margin-right: auto;margin-top:10px;margin-bottom:10px;width:100%;\"><\/div><div class=\"fusion-sep-clear\"><\/div><div class=\"fusion-clearfix\"><\/div><\/div><\/div><div class=\"fusion-layout-column fusion_builder_column fusion-builder-column-2 fusion_builder_column_1_1 1_1 fusion-one-full fusion-column-first fusion-column-last fusion-column-no-min-height\" style=\"--awb-bg-size:cover;--awb-margin-bottom:0px;\"><div class=\"fusion-column-wrapper fusion-flex-column-wrapper-legacy\"><div class=\"fusion-title title fusion-title-2 fusion-sep-none fusion-title-text fusion-title-size-two\" style=\"--awb-sep-color:#ffffff;\"><h2 class=\"fusion-title-heading title-heading-left\" style=\"margin:0;\">Informazioni utili<\/h2><\/div><div class=\"fusion-clearfix\"><\/div><\/div><\/div><div class=\"fusion-layout-column fusion_builder_column fusion-builder-column-3 fusion_builder_column_1_2 1_2 fusion-one-half fusion-column-first\" style=\"--awb-bg-size:cover;width:48%; margin-right: 4%;\"><div class=\"fusion-column-wrapper fusion-flex-column-wrapper-legacy\"><div class=\"fusion-title title fusion-title-3 fusion-sep-none fusion-title-text fusion-title-size-three\" style=\"--awb-sep-color:#ffffff;\"><h3 class=\"fusion-title-heading title-heading-left\" style=\"margin:0;\">Orari e Biglietti<\/h3><\/div><div class=\"fusion-text fusion-text-2\"><p>Armonia sar\u00e0 aperta al pubblico da <strong>Sabato 13 a Domenica 14 Settembre 2025<\/strong>.<\/p>\n<p>Tutti i giorni con orario continuato dalle <strong>10 alle 20<\/strong>.<\/p>\n<\/div><div class=\"fusion-aligncenter\"><a class=\"fusion-button button-flat fusion-button-default-size button-default fusion-button-default button-2 fusion-button-default-span fusion-button-default-type\" target=\"_self\" href=\"https:\/\/www.belgioioso.it\/armonia\/info-utili\/orari-e-biglietti\/\"><span class=\"fusion-button-text awb-button__text awb-button__text--default\">Scopri di pi\u00f9<\/span><i class=\" fa fa-arrow-right awb-button__icon awb-button__icon--default button-icon-right\" aria-hidden=\"true\"><\/i><\/a><\/div><div class=\"fusion-clearfix\"><\/div><\/div><\/div><div class=\"fusion-layout-column fusion_builder_column fusion-builder-column-4 fusion_builder_column_1_2 1_2 fusion-one-half fusion-column-last\" style=\"--awb-bg-size:cover;width:48%;\"><div class=\"fusion-column-wrapper fusion-flex-column-wrapper-legacy\"><div class=\"fusion-title title fusion-title-4 fusion-sep-none fusion-title-text fusion-title-size-three\" style=\"--awb-sep-color:#ffffff;\"><h3 class=\"fusion-title-heading title-heading-left\" style=\"margin:0;\">Come arrivare a Belgioioso<\/h3><\/div><div class=\"fusion-text fusion-text-3\"><p>Il Castello di Belgioioso si trova a Belgioioso, a 10 km da Pavia, 30 da Milano, 40 da Piacenza e 20 da Lodi ed \u00e8\u00a0raggiungibile con:<\/p>\n<ul>\n<li>auto<\/li>\n<li>mezzi pubblici (bus &#8211; treno)<\/li>\n<\/ul>\n<p>Clicca sul bottone qui sotto per scoprire come raggiungerci con comodit\u00e0.<\/p>\n<\/div><div class=\"fusion-aligncenter\"><a class=\"fusion-button button-flat fusion-button-default-size button-default fusion-button-default button-3 fusion-button-default-span fusion-button-default-type\" target=\"_self\" href=\"https:\/\/www.belgioioso.it\/armonia\/info-utili\/come-arrivare\/\"><span class=\"fusion-button-text awb-button__text awb-button__text--default\">Dov&#8217;\u00e8 Belgioioso?<\/span><i class=\" fa fa-arrow-right awb-button__icon awb-button__icon--default button-icon-right\" aria-hidden=\"true\"><\/i><\/a><\/div><div class=\"fusion-clearfix\"><\/div><\/div><\/div><\/div><\/div>\n","protected":false},"excerpt":{"rendered":"","protected":false},"author":1,"featured_media":0,"parent":0,"menu_order":0,"comment_status":"closed","ping_status":"closed","template":"","meta":{"footnotes":""},"class_list":["post-470","page","type-page","status-publish","hentry"],"yoast_head":"<!-- This site is optimized with the Yoast SEO plugin v26.8 - https:\/\/yoast.com\/product\/yoast-seo-wordpress\/ -->\n<title>Cos&#039;\u00e8 Armonia? &#8226; Armonia<\/title>\n<meta name=\"robots\" content=\"index, follow, max-snippet:-1, max-image-preview:large, max-video-preview:-1\" \/>\n<link rel=\"canonical\" href=\"https:\/\/www.belgioioso.it\/armonia\/cosa\/\" \/>\n<meta property=\"og:locale\" content=\"it_IT\" \/>\n<meta property=\"og:type\" content=\"article\" \/>\n<meta property=\"og:title\" content=\"Cos&#039;\u00e8 Armonia? &#8226; Armonia\" \/>\n<meta property=\"og:url\" content=\"https:\/\/www.belgioioso.it\/armonia\/cosa\/\" \/>\n<meta property=\"og:site_name\" content=\"Armonia\" \/>\n<meta property=\"article:modified_time\" content=\"2024-12-04T12:13:56+00:00\" \/>\n<meta name=\"twitter:label1\" content=\"Tempo di lettura stimato\" \/>\n\t<meta name=\"twitter:data1\" content=\"3 minuti\" \/>\n<script type=\"application\/ld+json\" class=\"yoast-schema-graph\">{\"@context\":\"https:\/\/schema.org\",\"@graph\":[{\"@type\":\"WebPage\",\"@id\":\"https:\/\/www.belgioioso.it\/armonia\/cosa\/\",\"url\":\"https:\/\/www.belgioioso.it\/armonia\/cosa\/\",\"name\":\"Cos'\u00e8 Armonia? &#8226; Armonia\",\"isPartOf\":{\"@id\":\"https:\/\/www.belgioioso.it\/armonia\/#website\"},\"datePublished\":\"2013-03-25T10:39:10+00:00\",\"dateModified\":\"2024-12-04T12:13:56+00:00\",\"breadcrumb\":{\"@id\":\"https:\/\/www.belgioioso.it\/armonia\/cosa\/#breadcrumb\"},\"inLanguage\":\"it-IT\",\"potentialAction\":[{\"@type\":\"ReadAction\",\"target\":[\"https:\/\/www.belgioioso.it\/armonia\/cosa\/\"]}]},{\"@type\":\"BreadcrumbList\",\"@id\":\"https:\/\/www.belgioioso.it\/armonia\/cosa\/#breadcrumb\",\"itemListElement\":[{\"@type\":\"ListItem\",\"position\":1,\"name\":\"Home\",\"item\":\"https:\/\/www.belgioioso.it\/armonia\/\"},{\"@type\":\"ListItem\",\"position\":2,\"name\":\"Cos&#8217;\u00e8 Armonia?\"}]},{\"@type\":\"WebSite\",\"@id\":\"https:\/\/www.belgioioso.it\/armonia\/#website\",\"url\":\"https:\/\/www.belgioioso.it\/armonia\/\",\"name\":\"Armonia\",\"description\":\"Festival di proposte per il benessere\",\"potentialAction\":[{\"@type\":\"SearchAction\",\"target\":{\"@type\":\"EntryPoint\",\"urlTemplate\":\"https:\/\/www.belgioioso.it\/armonia\/?s={search_term_string}\"},\"query-input\":{\"@type\":\"PropertyValueSpecification\",\"valueRequired\":true,\"valueName\":\"search_term_string\"}}],\"inLanguage\":\"it-IT\"}]}<\/script>\n<!-- \/ Yoast SEO plugin. -->","yoast_head_json":{"title":"Cos'\u00e8 Armonia? &#8226; Armonia","robots":{"index":"index","follow":"follow","max-snippet":"max-snippet:-1","max-image-preview":"max-image-preview:large","max-video-preview":"max-video-preview:-1"},"canonical":"https:\/\/www.belgioioso.it\/armonia\/cosa\/","og_locale":"it_IT","og_type":"article","og_title":"Cos'\u00e8 Armonia? &#8226; Armonia","og_url":"https:\/\/www.belgioioso.it\/armonia\/cosa\/","og_site_name":"Armonia","article_modified_time":"2024-12-04T12:13:56+00:00","twitter_misc":{"Tempo di lettura stimato":"3 minuti"},"schema":{"@context":"https:\/\/schema.org","@graph":[{"@type":"WebPage","@id":"https:\/\/www.belgioioso.it\/armonia\/cosa\/","url":"https:\/\/www.belgioioso.it\/armonia\/cosa\/","name":"Cos'\u00e8 Armonia? &#8226; Armonia","isPartOf":{"@id":"https:\/\/www.belgioioso.it\/armonia\/#website"},"datePublished":"2013-03-25T10:39:10+00:00","dateModified":"2024-12-04T12:13:56+00:00","breadcrumb":{"@id":"https:\/\/www.belgioioso.it\/armonia\/cosa\/#breadcrumb"},"inLanguage":"it-IT","potentialAction":[{"@type":"ReadAction","target":["https:\/\/www.belgioioso.it\/armonia\/cosa\/"]}]},{"@type":"BreadcrumbList","@id":"https:\/\/www.belgioioso.it\/armonia\/cosa\/#breadcrumb","itemListElement":[{"@type":"ListItem","position":1,"name":"Home","item":"https:\/\/www.belgioioso.it\/armonia\/"},{"@type":"ListItem","position":2,"name":"Cos&#8217;\u00e8 Armonia?"}]},{"@type":"WebSite","@id":"https:\/\/www.belgioioso.it\/armonia\/#website","url":"https:\/\/www.belgioioso.it\/armonia\/","name":"Armonia","description":"Festival di proposte per il benessere","potentialAction":[{"@type":"SearchAction","target":{"@type":"EntryPoint","urlTemplate":"https:\/\/www.belgioioso.it\/armonia\/?s={search_term_string}"},"query-input":{"@type":"PropertyValueSpecification","valueRequired":true,"valueName":"search_term_string"}}],"inLanguage":"it-IT"}]}},"_links":{"self":[{"href":"https:\/\/www.belgioioso.it\/armonia\/wp-json\/wp\/v2\/pages\/470","targetHints":{"allow":["GET"]}}],"collection":[{"href":"https:\/\/www.belgioioso.it\/armonia\/wp-json\/wp\/v2\/pages"}],"about":[{"href":"https:\/\/www.belgioioso.it\/armonia\/wp-json\/wp\/v2\/types\/page"}],"author":[{"embeddable":true,"href":"https:\/\/www.belgioioso.it\/armonia\/wp-json\/wp\/v2\/users\/1"}],"replies":[{"embeddable":true,"href":"https:\/\/www.belgioioso.it\/armonia\/wp-json\/wp\/v2\/comments?post=470"}],"version-history":[{"count":75,"href":"https:\/\/www.belgioioso.it\/armonia\/wp-json\/wp\/v2\/pages\/470\/revisions"}],"predecessor-version":[{"id":2570,"href":"https:\/\/www.belgioioso.it\/armonia\/wp-json\/wp\/v2\/pages\/470\/revisions\/2570"}],"wp:attachment":[{"href":"https:\/\/www.belgioioso.it\/armonia\/wp-json\/wp\/v2\/media?parent=470"}],"curies":[{"name":"wp","href":"https:\/\/api.w.org\/{rel}","templated":true}]}}